8 - -34. Give n(w).
-9
Let r(v) = -v**3 - 14*v**2 + 18. Let y be r(-14). Let g be 1 - y/(5 + -2). Let n(i) = -i - 11. Give n(g).
-6
Let a(q) = q**2 + 7*q + 6. Let z be (6/(-10))/(2/(-10)). Suppose -2*w = -z*k - 22, 0 = -2*k - 3*k + 4*w - 38. Calculate a(k).
0
Let m(z) = -3*z - 3*z - 6 + 5*z. Determine m(7).
-13
Suppose n - 2*n = -3. Suppose 0 = -t + n. Let v(g) = -g**3 + 5*g**2 - 3*g. Determine v(t).
9
Let n(v) = v. Let h(x) = -4*x + 5. Let m(l) = h(l) + 3*n(l). Give m(6).
-1
Let f(p) = p - 35. Let v(c) = 5. Let r(s) = -5*f(s) - 35*v(s). Calculate r(2).
-10
Let t(i) = -i**3 - 4*i**2 + 4*i. Suppose 0 = 5*a + 4*q + 9 + 8, -13 = 3*a + q. What is t(a)?
5
Let o(w) = -3*w**3 - w**2 + 2*w + 2. Let u be o(-1). Let s(f) be the second derivative of -f**u - 2/3*f**3 + 0 - 1/20*f**5 + f - 1/2*f**4. Determine s(-5).
-7
Let m(w) = -w**3 - 2*w**2. Let o = 9 - -1. Suppose 4*f + 2 = -o. What is m(f)?
9
Let w(d) = d**3 + d**2 - 2*d - 3. Suppose -3*j + 2*i = -6*j - 17, 7 = -5*j + 2*i. Let o be (j/5)/(3/15). Let r = o - -1. Determine w(r).
-3
Let x = 0 + 4. Let v(y) = -y**2 + 4*y - 1. Determine v(x).
-1
Suppose 12 = 3*t - 0*t. Let w(z) be the second derivative of -z**3/6 + 7*z. Calculate w(t).
-4
Let y(v) = -3*v + 11. Let g(p) be the first derivative of 2*p**2 - 12*p + 2. Let x(k) = -4*g(k) - 5*y(k). Calculate x(0).
-7
Let a(r) = r**3 - 7*r**2 + 7*r - 4. Suppose 2*d - d - 5*w - 14 = 0, 5*d - 42 = -3*w. Let s = d - 3. Give a(s).
2
Let v be (-8)/12*(-1 - 5). Let a = -3 + v. Let f(b) = 24*b + 2 - 27*b - 1. Determine f(a).
-2
Let i(x) = -x**3 + 2*x**2 - 1. Let q be i(2). Let u = q + 2. Let r(d) = 36*d + 28. Let n(j) = 4*j + 3. Let t(g) = -28*n(g) + 3*r(g). Determine t(u).
-4
Let r be ((-9 + 7)/1)/(1/5). Let a(p) = -p - 7. What is a(r)?
3
Let r(h) be the third derivative of -h**5/60 + h**4/24 + h**3/3 - h**2. Suppose t + 4*t + 3*q + 15 = 0, 19 = t + 5*q. Let c = t + 4. Give r(c).
-4
Let d(z) = z**3 + 4*z**2 - 6*z - 2. Let w = 2 - -12. Suppose 5*b + 11 = -w. Determine d(b).
3
Let m(p) = -p - 1. Let t(g) = 2*g. Let i(k) = 3*m(k) + 2*t(k). Suppose 0 = -0*c + 4*c - 28. Suppose c*l + 15 = 4*l. Give i(l).
-8
Let n(v) be the second derivative of -v**4/12 - 5*v**3/6 + 3*v**2/2 + 2*v. Determine n(-5).
3
Let u(i) = i**2 - 9*i. Let v(w) = -w**2 + w - 1. Let b be (-54)/(-24) - 2/8. Let a(c) = b*v(c) + u(c). Calculate a(-6).
4
Let v(b) be the second derivative of -b**3/2 - b**2/2 + 8*b. Let l = 1 + -2. Determine v(l).
2
Let d(u) = -9*u - 13. Let w(i) = i + 1. Let a(o) = -d(o) - 4*w(o). Give a(-7).
-26
Let u(z) be the second derivative of z**4/12 - 4*z**3/3 + 3*z**2 - 9*z. Determine u(5).
-9
Let z(o) = 3*o + 7*o**2 - 2 - 2 - 2*o - o**3. Let g be z(7). Suppose -4*j + 12 = x + x, j = -g*x + 8. Let w(d) = -4*d + 3. What is w(x)?
-5
Let d(s) = -s**2 + 6*s - 3. Let u be d(7). Let p = u - -10. Let r(a) = a**3 + a**2 - a - 4. Give r(p).
-4
Let d(y) = y + 0*y - y**2 + 0*y - 2*y + 2. Let m(h) = -h**2 + 1. Suppose 4*x + 6 = 5*z, -4*x = -z - 0*z + 14. Let l be m(z). Calculate d(l).
-4
Let x(g) be the first derivative of g**3/3 - g**2 - 6*g + 1. Let s = 13 - 9. Let h = s - -1. Determine x(h).
9
Let j(z) = -z**3 - 6*z**2 + 5*z + 12. Let p(i) = i**3 + 6*i**2 - 4*i - 11. Let r(f) = -5*j(f) - 6*p(f). Calculate r(-6).
12
Let s(l) be the second derivative of l**3/3 + 5*l**2/2 + 15*l. Determine s(-7).
-9
Let h = 5 - 4. Let o be ((-8)/28)/(h/(-7)). Let u be 0/(-1 - o) - -4. Let r(c) = c**3 - 5*c**2 + 7*c - 6. Give r(u).
6
Let a(q) = -2*q**3 + 4*q**2 - 3*q - 3. Suppose -3*t + 0 = -3. Let h(i) = -i**3 + i**2. Let c(f) = t*a(f) - 3*h(f). Determine c(-2).
-1
Let x(b) be the third derivative of b**4/24 - b**3/3 + 6*b**2. Give x(4).
2
Let r be 0*((-3)/(-3) + -2). Suppose r = 2*o + 3*p + 1 + 4, 0 = -4*o + 4*p + 20. Let v(n) be the third derivative of -n**4/24 + n**3/2 - n**2. Determine v(o).
1
Let q(c) = 13*c**2 - 13*c - 11. Let n(x) = -24*x**2 + 25*x + 21. Let y(m) = -6*n(m) - 11*q(m). What is y(7)?
-5
Let j(t) = t + 5. Let n = 0 - 2. Let z be n/7 - (-14)/49. Give j(z).
5
Let z be ((-15)/10)/(2/4). Let v(t) = -t. Calculate v(z).
3
Let u be (16/12)/(10/15). Let p(o) be the third derivative of 0 + 0*o + 1/3*o**3 - 1/12*o**4 + o**u. Give p(-2).
6
Let v(y) = y - 7. Let b(d) = -d - 1. Let i be -3*2*(-3)/(-6). Let k be b(i). Let a(f) = f**2 - f + 1. Let g be a(k). Determine v(g).
-4
Let i(w) = -9*w - 1. Let y(a) = -9*a - 1. Let f(q) = 6*i(q) - 7*y(q). What is f(1)?
10
Let x(t) = -11*t. Suppose -3*r - 10 = 7*r. Give x(r).
11
Let x(c) = -4*c**3 + c**2 - 6*c + 5. Let h(l) = 7*l**3 + 11*l - 9. Let z(f) = 3*h(f) + 5*x(f). Determine z(-4).
2
Let z be 4 + 2*7/(-2). Let w(v) = v - 2. Give w(z).
-5
Let n(t) = -t**2 - 6*t + 5. Let s be n(-6). Let d(u) = -2*u - 23. Let l(x) = x + 11. Let w(v) = s*l(v) + 2*d(v). Determine w(0).
9
Let x be (18/(-1 - 2))/1. Let g(d) be the third derivative of 2*d**2 + 0*d**3 + 1/120*d**6 - 1/24*d**4 + 0 + 0*d + 1/10*d**5. What is g(x)?
6
Let i(z) = 13*z - 7. Let y(r) = 20*r - 11. Let q(f) = -8*i(f) + 5*y(f). Suppose 8 = -0*t + 3*t - b, 0 = -t - 3*b - 14. Determine q(t).
-3
Let j(s) = -s + 11. Let t be j(5). Let p(w) = -w + 8. Determine p(t).
2
Let m(h) = 8*h + 12. Let r(z) = -7*z - 11. Let b(t) = -6*m(t) - 7*r(t). Calculate b(-9).
-4
Suppose -x + 1 = -5*i - 15, 2*i + 28 = 4*x. Let c(n) = -n**2 + 5*n + 8. What is c(x)?
2
Suppose -16 = -6*t + 2*t. Let b be (2/4)/((-2)/t). Let d be 1/(b - -2)*5. Let k(o) = -o + 6. Give k(d).
1
Let q(d) = -6 + d**2 - d + d - 2*d. Suppose 5*s - 150 = -25*s. Determine q(s).
9
Let n(q) = -6*q. Let w be n(2). Let h = w + 6. Let r(o) = o**3 + 7*o**2 + 9*o + 7. Determine r(h).
-11
Let s(v) be the first derivative of -v**2/2 + 4*v + 4. Let p(x) = -2*x + 4. Let r(n) = -2*p(n) + 3*s(n). Calculate r(-5).
-1
Let c = 7 - 5. Suppose -3*i + 4*k - 4 = -11, k + 8 = 2*i. Let y(m) = -3*m - 8. Let h(v) = 2*v + 7. Let r(z) = i*h(z) + 4*y(z). Determine r(c).
-1
Let f(l) = -l**3 + 7*l**2 + 9*l - 8. Let j be f(8). Let x(y) be the first derivative of y**2/2 - 4*y - 4. What is x(j)?
-4
Let b be ((-1)/2)/(2/(-4)). Let d(z) = 8*z + 3 + 5*z - 4 - 8*z. Determine d(b).
4
Let s(d) = -d + 8. Let q(p) = -p - 5. Let w be q(-13). Let h be s(w). Let z(m) = m**2 - 10. Determine z(h).
-10
Let i be 2/(-9) - 20/(-9). Suppose 4*o = 5*o - i. Let b(g) = -2*g**2 + 2*g + o + 2*g**2 - g**2. Calculate b(3).
-1
Let q(u) be the third derivative of u**5/30 - u**3/6 + u**2. Give q(2).
7
Let p = -13 + 7. Let x(o) be the first derivative of o**3/6 - o**2/2 - 2*o + 8. Let t(d) be the first derivative of x(d). Calculate t(p).
-7
Let g(k) be the third derivative of -k**5/60 - k**4/6 + 2*k**3/3 - 2*k**2. What is g(-4)?
4
Let h(y) = -y**2 - 3*y + 5. Suppose 5*s = -16 - 4. Let j = 0 + s. Give h(j).
1
Let v(j) = 4 - 2 - j + 3 - 2. Give v(6).
-3
Let m be 1 + (-6)/(-2) + -1. Let r(n) = -4*n - 3. What is r(m)?
-15
Let d(g) = -2*g + 4. Suppose -s - 19 = -2*s. Let m = s + -10. Suppose -o = 2*o - m. Calculate d(o).
-2
Let n(x) = -x + 1. Let j(l) = -1. Let o(r) = -5*j(r) + n(r). Give o(7).
-1
Let c(d) = -15*d**2 + 25*d - 17. Let q(n) = 7*n**2 - 12*n + 8. Let t(y) = 6*c(y) + 13*q(y). Suppose 3*u = x + 11, -4*x + 41 = 5*u - 0*x. Calculate t(u).
-3
Let k be 12/20 + 68/20. Let q(y) = y**2 - 2*y**2 + 3 + 4*y - 7. Give q(k).
-4
Let f(h) = h**3 + h**2 + h + 3. Let a(r) = r + 10. Let l = -8 - -1. Let t be a(l). Suppose -t*p = -p. What is f(p)?
3
Let m(c) be the third derivative of 1/2*c**3 + 1/8*c**4 + c**2 - 1/60*c**5 + 0*c + 0. Determine m(4).
-1
Suppose 9 = 5*y - 2*y. Suppose 0 = y*r - c - 7, -5*r = -0*r - 3*c - 17. Let i(q) = 9*q**3 - 6*q**3 + q**2 - 5*q**3 - 2*q**3 + 1 - q**3 - q. Give i(r).
-4
Let f(a) = 17*a - 2. Let q(h) = 6*h - 1. Let t(n) = 4*f(n) - 11*q(n). Calculate t(-2).
-1
Let k(m) = -7*m**3 + 2*m**2 - 1. Suppose -5*s + 2*s - 11 = -5*l, -3*s - 6 = 0. Calculate k(l).
-6
Let b(f) = 0 + 4 - 5*f - 3. Let k be b(-1). Let w(t) = -t + 4. What is w(k)?
-2
Let r(z) = -2*z**3 + 14*z**2 + 6*z - 7. Let y(s) = 3*s**3 - 21*s**2 - 9*s + 11. Let p(t) = -7*r(t) - 5*y(t). Determine p(7).
15
Let d(x) = -7*x + 6*x**2 - 1 + x**3 + 0*x + 11*x. What is d(-5)?
4
Let f(u) = -u**2 + 8*u - 7. Let z be f(6). Let m(t) = -t**2 + 4*t - 7. What is m(z)?
-12
Let u be (2*-1)/(4/(-6)). Let k(b) = 0 + 2*b - b**3 - 3 - 9*b - u - 6*b**2. Calculate k(-5).
